on factor of 50 and 450.
50
What is the greatest common divisor of 291 and 204?
3
Calculate the greatest common factor of 3935 and 10.
5
Calculate the greatest common divisor of 415 and 5.
5
What is the highest common factor of 153 and 9?
9
Calculate the highest common divisor of 82 and 4.
2
What is the greatest common divisor of 276 and 156?
12
Calculate the highest common divisor of 391 and 34.
17
What is the greatest common divisor of 36 and 81?
9
Calculate the greatest common divisor of 8 and 296.
8
What is the highest common factor of 70 and 2?
2
Calculate the greatest common divisor of 8 and 13664.
8
Calculate the greatest common divisor of 62 and 11.
1
What is the greatest common factor of 70 and 826?
14
What is the greatest common factor of 2144 and 192?
32
Calculate the highest common factor of 114 and 741.
57
What is the highest common factor of 5 and 85?
5
Calculate the greatest common factor of 128 and 224.
32
Calculate the highest common factor of 24 and 496.
8
Calculate the highest common factor of 91 and 247.
13
What is the greatest common factor of 2 and 7?
1
What is the highest common factor of 15 and 5455?
5
Calculate the highest common factor of 874 and 380.
38
What is the greatest common factor of 150 and 24?
6
What is the greatest common divisor of 567 and 81?
81
Calculate the greatest common factor of 75 and 175.
25
Calculate the highest common divisor of 154 and 14.
14
Calculate the highest common divisor of 20 and 15.
5
What is the highest common factor of 3642 and 6?
6
Calculate the highest common divisor of 2674 and 154.
14
What is the highest common divisor of 145 and 232?
29
Calculate the greatest common divisor of 224 and 140.
28
What is the highest common divisor of 2323 and 101?
101
Calculate the highest common factor of 46 and 1173.
23
Calculate the greatest common divisor of 1273 and 76.
19
Calculate the highest common factor of 85 and 544.
17
What is the greatest common factor of 38955 and 477?
159
What is the highest common factor of 304 and 950?
38
What is the greatest common divisor of 165 and 66?
33
What is the greatest common divisor of 64 and 1184?
32
What is the greatest common divisor of 490 and 20?
10
Calculate the greatest common divisor of 105 and 7595.
35
What is the greatest common divisor of 275 and 150?
25
Calculate the highest common divisor of 16 and 256.
16
Calculate the greatest common factor of 531 and 1829.
59
Calculate the highest common factor of 312 and 741.
39
Calculate the highest common divisor of 17 and 272.
17
Calculate the highest common divisor of 8190 and 5.
5
What is the highest common factor of 2805 and 22?
11
What is the greatest common factor of 187 and 1353?
11
Calculate the greatest common divisor of 6 and 786.
6
What is the greatest common factor of 41 and 158?
1
Calculate the greatest common divisor of 20 and 615.
5
Calculate the greatest common divisor of 7240 and 280.
40
Calculate the greatest common factor of 36874 and 412.
206
Calculate the highest common factor of 1608 and 96.
24
What is the highest common factor of 165 and 6501?
33
What is the highest common factor of 754 and 104?
26
What is the greatest common divisor of 60 and 100?
20
Calculate the greatest common divisor of 5555 and 303.
101
Calculate the greatest common divisor of 21 and 609.
21
Calculate the highest common divisor of 28 and 287.
7
What is the greatest common divisor of 152 and 1026?
38
What is the greatest common divisor of 494 and 38?
38
What is the greatest common divisor of 105 and 15?
15
What is the greatest common factor of 875 and 35?
35
What is the greatest common factor of 3112 and 88?
8
What is the highest common factor of 42 and 2982?
42
Calculate the greatest common divisor of 2 and 348.
2
Calculate the greatest common factor of 896 and 70.
14
Calculate the highest common divisor of 18 and 72.
18
Calculate the highest common factor of 13 and 13.
13
Calculate the greatest common factor of 74 and 5254.
74
Calculate the highest common factor of 25 and 1425.
25
What is the greatest common divisor of 184 and 24?
8
What is the highest common divisor of 88 and 55?
11
What is the highest common divisor of 111 and 1739?
37
Calculate the greatest common factor of 209 and 11.
11
What is the greatest common factor of 8453 and 1391?
107
Calculate the greatest common factor of 270 and 20.
10
Calculate the highest common divisor of 5964 and 420.
84
What is the highest common divisor of 112 and 6062?
14
Calculate the highest common divisor of 1232 and 896.
112
Calculate the greatest common divisor of 112 and 140.
28
What is the greatest common divisor of 87 and 377?
29
Calculate the greatest common factor of 56 and 126.
14
What is the greatest common divisor of 624 and 39?
39
Calculate the highest common factor of 14 and 14.
14
What is the highest common factor of 24 and 18160?
8
What is the greatest common factor of 15855 and 3?
3
What is the greatest common divisor of 7605 and 45?
45
What is the highest common divisor of 1450 and 1798?
58
What is the greatest common divisor of 432 and 36?
36
What is the highest common divisor of 385 and 165?
55
What is the highest common divisor of 133 and 28?
7
What is the highest common factor of 22 and 341?
11
Calculate the greatest common divisor of 34 and 3706.
34
Calculate the greatest common divisor of 280 and 3220.
140
Calculate the greatest common divisor of 74 and 88282.
74
What is the highest common divisor of 309 and 48?
3
Calculate the greatest common factor of 5782 and 686.
98
Calculate the highest common factor of 24 and 64.
8
Calculate the highest common factor of 168 and 546.
42
Calculate the highest common factor of 50 and 150.
50
Calculate the highest common divisor of 84 and 56.
28
What is the highest common divisor of 428 and 6313?
107
What is the highest common divisor of 369 and 82?
41
What is the greatest common factor of 71 and 39831?
71
What is the highest common divisor of 256 and 80?
16
What is the highest common factor of 480 and 460?
20
What is the highest common factor of 39 and 1911?
39
Calculate the greatest common factor of 40 and 720.
40
What is the highest common factor of 28 and 660?
4
What is the highest common factor of 80 and 640?
80
What is the greatest common divisor of 7 and 518?
7
What is the greatest common factor of 289 and 17?
17
What is the greatest common factor of 63 and 2317?
7
What is the highest common factor of 793 and 13?
13
Calculate the greatest common factor of 6078 and 30.
6
What is the highest common factor of 646 and 374?
34
Calculate the greatest common divisor of 55 and 77.
11
What is the greatest common factor of 26 and 1651?
13
Calculate the highest common divisor of 21 and 2562.
21
What is the greatest common divisor of 1026 and 2546?
38
What is the highest common factor of 588 and 448?
28
What is the highest common factor of 210 and 525?
105
What is the highest common divisor of 11448 and 48?
24
What is the greatest common factor of 3 and 2?
1
Calculate the greatest common divisor of 480 and 768.
96
Calculate the highest common divisor of 49029 and 177.
177
What is the greatest common divisor of 128 and 736?
32
Calculate the highest common factor of 3 and 19.
1
Calculate the greatest common factor of 12 and 16908.
12
Calculate the highest common factor of 3249 and 19.
19
What is the highest common factor of 192 and 108?
12
Calculate the highest common divisor of 2375 and 19.
19
Calculate the highest common divisor of 25162 and 23.
23
Calculate the greatest common divisor of 99 and 231.
33
What is the highest common divisor of 132 and 10692?
132
Calculate the highest common divisor of 380 and 40.
20
What is the greatest common factor of 48 and 2808?
24
What is the highest common divisor of 219 and 3?
3
Calculate the highest common factor of 12 and 594.
6
What is the greatest common factor of 400 and 300?
100
Calculate the highest common divisor of 1104 and 69.
69
Calculate the highest common divisor of 11124 and 54.
54
Calculate the greatest common factor of 5 and 5.
5
What is the highest common factor of 23 and 25369?
23
Calculate the greatest common divisor of 1053 and 18.
9
What is the highest common divisor of 15 and 9?
3
What is the highest common divisor of 6 and 4614?
6
Calculate the gr